{"id":1900,"date":"2021-12-01T10:08:02","date_gmt":"2021-12-01T10:08:02","guid":{"rendered":"http:\/\/ayudoserviciosauxiliares.com\/?page_id=1900"},"modified":"2022-02-08T09:15:19","modified_gmt":"2022-02-08T09:15:19","slug":"blog","status":"publish","type":"page","link":"http:\/\/ayudoserviciosauxiliares.com\/index.php\/blog\/","title":{"rendered":"Blog"},"content":{"rendered":"\t\t<div data-elementor-type=\"wp-page\" data-elementor-id=\"1900\" class=\"elementor elementor-1900\" data-elementor-settings=\"[]\">\n\t\t\t\t\t\t\t<div class=\"elementor-section-wrap\">\n\t\t\t\t\t\t\t<section class=\"elementor-section elementor-top-section elementor-element elementor-element-5f9152e elementor-section-boxed elementor-section-height-default elementor-section-height-default\" data-id=\"5f9152e\" data-element_type=\"section\" data-settings=\"{&quot;background_background&quot;:&quot;classic&quot;}\">\n\t\t\t\t\t\t<div class=\"elementor-container elementor-column-gap-default\">\n\t\t\t\t\t<div class=\"elementor-column elementor-col-100 elementor-top-column elementor-element elementor-element-0c6a174\" data-id=\"0c6a174\" data-element_type=\"column\">\n\t\t\t<div class=\"elementor-widget-wrap elementor-element-populated\">\n\t\t\t\t\t\t\t\t<div class=\"elementor-element elementor-element-4428302 elementor-widget elementor-widget-heading\" data-id=\"4428302\" data-element_type=\"widget\" data-widget_type=\"heading.default\">\n\t\t\t\t<div class=\"elementor-widget-container\">\n\t\t\t<h1 class=\"elementor-heading-title elementor-size-default\">Blog<\/h1>\t\t<\/div>\n\t\t\t\t<\/div>\n\t\t\t\t\t<\/div>\n\t\t<\/div>\n\t\t\t\t\t\t\t<\/div>\n\t\t<\/section>\n\t\t\t\t<section class=\"elementor-section elementor-top-section elementor-element elementor-element-cf097d0 elementor-section-boxed elementor-section-height-default elementor-section-height-default\" data-id=\"cf097d0\" data-element_type=\"section\">\n\t\t\t\t\t\t<div class=\"elementor-container elementor-column-gap-default\">\n\t\t\t\t\t<div class=\"elementor-column elementor-col-100 elementor-top-column elementor-element elementor-element-44a9659\" data-id=\"44a9659\" data-element_type=\"column\">\n\t\t\t<div class=\"elementor-widget-wrap elementor-element-populated\">\n\t\t\t\t\t\t\t\t<div class=\"elementor-element elementor-element-84a2ce1 elementor-grid-3 elementor-grid-tablet-2 elementor-grid-mobile-1 elementor-posts--thumbnail-top elementor-posts--show-avatar elementor-card-shadow-yes elementor-posts__hover-gradient elementor-widget elementor-widget-posts\" data-id=\"84a2ce1\" data-element_type=\"widget\" data-settings=\"{&quot;cards_columns&quot;:&quot;3&quot;,&quot;cards_columns_tablet&quot;:&quot;2&quot;,&quot;cards_columns_mobile&quot;:&quot;1&quot;,&quot;cards_row_gap&quot;:{&quot;unit&quot;:&quot;px&quot;,&quot;size&quot;:35,&quot;sizes&quot;:[]}}\" data-widget_type=\"posts.cards\">\n\t\t\t\t<div class=\"elementor-widget-container\">\n\t\t\t\t\t<div class=\"elementor-posts-container elementor-posts elementor-posts--skin-cards elementor-grid\">\r\n\t\t\t\t<article class=\"elementor-post elementor-grid-item post-2054 post type-post status-publish format-standard hentry category-limpieza-en-madrid tag-limpiezas-tecnicas-madrid\">\r\n\t\t\t<div class=\"elementor-post__card\">\r\n\t\t\t\t<div class=\"elementor-post__text\">\r\n\t\t\t\t<h3 class=\"elementor-post__title\">\r\n\t\t\t<a href=\"http:\/\/ayudoserviciosauxiliares.com\/index.php\/2022\/01\/13\/limpiezas-tecnicas-madrid\/\" >\r\n\t\t\t\tLimpiezas t\u00e9cnicas Madrid\t\t\t<\/a>\r\n\t\t<\/h3>\r\n\t\t\t\t<div class=\"elementor-post__excerpt\">\r\n\t\t\t<p>\u00bfNecesitas profesionales especializados en limpiezas t\u00e9cnicas en Madrid? En Ayudo tenemos justo lo que necesitas. Nuestro equipo cuenta con la formaci\u00f3n y la experiencia necesaria<\/p>\n\t\t<\/div>\r\n\t\t\t\t\t<a class=\"elementor-post__read-more\" href=\"http:\/\/ayudoserviciosauxiliares.com\/index.php\/2022\/01\/13\/limpiezas-tecnicas-madrid\/\" >\r\n\t\t\t\tLeer m\u00e1s \u00bb\t\t\t<\/a>\r\n\t\t\t\t<\/div>\r\n\t\t\t\t<div class=\"elementor-post__meta-data\">\r\n\t\t\t\t\t<span class=\"elementor-post-date\">\r\n\t\t\tenero 13, 2022\t\t<\/span>\r\n\t\t\t\t<\/div>\r\n\t\t\t\t\t<\/div>\r\n\t\t<\/article>\r\n\t\t\t\t<article class=\"elementor-post elementor-grid-item post-2048 post type-post status-publish format-standard hentry category-limpieza-en-madrid tag-empresas-de-limpieza-de-portales-en-madrid\">\r\n\t\t\t<div class=\"elementor-post__card\">\r\n\t\t\t\t<div class=\"elementor-post__text\">\r\n\t\t\t\t<h3 class=\"elementor-post__title\">\r\n\t\t\t<a href=\"http:\/\/ayudoserviciosauxiliares.com\/index.php\/2022\/01\/11\/empresas-de-limpieza-de-portales-en-madrid\/\" >\r\n\t\t\t\tEmpresas de limpieza de portales en Madrid\t\t\t<\/a>\r\n\t\t<\/h3>\r\n\t\t\t\t<div class=\"elementor-post__excerpt\">\r\n\t\t\t<p>Entre todas las opciones disponibles, la contrataci\u00f3n de empresas de limpieza de portales en Madrid es una de las m\u00e1s socorridas en la actualidad. Cada<\/p>\n\t\t<\/div>\r\n\t\t\t\t\t<a class=\"elementor-post__read-more\" href=\"http:\/\/ayudoserviciosauxiliares.com\/index.php\/2022\/01\/11\/empresas-de-limpieza-de-portales-en-madrid\/\" >\r\n\t\t\t\tLeer m\u00e1s \u00bb\t\t\t<\/a>\r\n\t\t\t\t<\/div>\r\n\t\t\t\t<div class=\"elementor-post__meta-data\">\r\n\t\t\t\t\t<span class=\"elementor-post-date\">\r\n\t\t\tenero 11, 2022\t\t<\/span>\r\n\t\t\t\t<\/div>\r\n\t\t\t\t\t<\/div>\r\n\t\t<\/article>\r\n\t\t\t\t<article class=\"elementor-post elementor-grid-item post-2042 post type-post status-publish format-standard hentry category-limpieza-en-madrid tag-limpieza-despachos-y-oficinas-madrid\">\r\n\t\t\t<div class=\"elementor-post__card\">\r\n\t\t\t\t<div class=\"elementor-post__text\">\r\n\t\t\t\t<h3 class=\"elementor-post__title\">\r\n\t\t\t<a href=\"http:\/\/ayudoserviciosauxiliares.com\/index.php\/2022\/01\/10\/limpieza-despachos-y-oficinas-madrid\/\" >\r\n\t\t\t\tLimpieza despachos y oficinas Madrid\t\t\t<\/a>\r\n\t\t<\/h3>\r\n\t\t\t\t<div class=\"elementor-post__excerpt\">\r\n\t\t\t<p>La limpieza de despachos y oficinas en Madrid puede ser la responsable de una mejora de la eficiencia y los buenos resultados. No lo decimos<\/p>\n\t\t<\/div>\r\n\t\t\t\t\t<a class=\"elementor-post__read-more\" href=\"http:\/\/ayudoserviciosauxiliares.com\/index.php\/2022\/01\/10\/limpieza-despachos-y-oficinas-madrid\/\" >\r\n\t\t\t\tLeer m\u00e1s \u00bb\t\t\t<\/a>\r\n\t\t\t\t<\/div>\r\n\t\t\t\t<div class=\"elementor-post__meta-data\">\r\n\t\t\t\t\t<span class=\"elementor-post-date\">\r\n\t\t\tenero 10, 2022\t\t<\/span>\r\n\t\t\t\t<\/div>\r\n\t\t\t\t\t<\/div>\r\n\t\t<\/article>\r\n\t\t\t\t<article class=\"elementor-post elementor-grid-item post-2026 post type-post status-publish format-standard hentry category-limpieza-en-madrid tag-empresas-de-limpieza-en-madrid\">\r\n\t\t\t<div class=\"elementor-post__card\">\r\n\t\t\t\t<div class=\"elementor-post__text\">\r\n\t\t\t\t<h3 class=\"elementor-post__title\">\r\n\t\t\t<a href=\"http:\/\/ayudoserviciosauxiliares.com\/index.php\/2022\/01\/09\/empresas-de-limpieza-en-madrid\/\" >\r\n\t\t\t\tEmpresas de limpieza en Madrid\t\t\t<\/a>\r\n\t\t<\/h3>\r\n\t\t\t\t<div class=\"elementor-post__excerpt\">\r\n\t\t\t<p>Las mejores empresas de limpieza en Madrid han diversificado su oferta y han conseguido posicionarse como todo un referente para cualquier tipo de servicios relacionados<\/p>\n\t\t<\/div>\r\n\t\t\t\t\t<a class=\"elementor-post__read-more\" href=\"http:\/\/ayudoserviciosauxiliares.com\/index.php\/2022\/01\/09\/empresas-de-limpieza-en-madrid\/\" >\r\n\t\t\t\tLeer m\u00e1s \u00bb\t\t\t<\/a>\r\n\t\t\t\t<\/div>\r\n\t\t\t\t<div class=\"elementor-post__meta-data\">\r\n\t\t\t\t\t<span class=\"elementor-post-date\">\r\n\t\t\tenero 9, 2022\t\t<\/span>\r\n\t\t\t\t<\/div>\r\n\t\t\t\t\t<\/div>\r\n\t\t<\/article>\r\n\t\t\t\t<article class=\"elementor-post elementor-grid-item post-2020 post type-post status-publish format-standard hentry category-limpieza-en-madrid tag-empresas-de-limpieza-en-hospitales-de-madrid\">\r\n\t\t\t<div class=\"elementor-post__card\">\r\n\t\t\t\t<div class=\"elementor-post__text\">\r\n\t\t\t\t<h3 class=\"elementor-post__title\">\r\n\t\t\t<a href=\"http:\/\/ayudoserviciosauxiliares.com\/index.php\/2022\/01\/07\/empresas-de-limpieza-en-hospitales-de-madrid\/\" >\r\n\t\t\t\tEmpresas de limpieza en hospitales de Madrid\t\t\t<\/a>\r\n\t\t<\/h3>\r\n\t\t\t\t<div class=\"elementor-post__excerpt\">\r\n\t\t\t<p>Las empresas de limpieza en hospitales de Madrid son parte muy importante en la consecuci\u00f3n y garant\u00eda del bienestar de los enfermos, de sus familias<\/p>\n\t\t<\/div>\r\n\t\t\t\t\t<a class=\"elementor-post__read-more\" href=\"http:\/\/ayudoserviciosauxiliares.com\/index.php\/2022\/01\/07\/empresas-de-limpieza-en-hospitales-de-madrid\/\" >\r\n\t\t\t\tLeer m\u00e1s \u00bb\t\t\t<\/a>\r\n\t\t\t\t<\/div>\r\n\t\t\t\t<div class=\"elementor-post__meta-data\">\r\n\t\t\t\t\t<span class=\"elementor-post-date\">\r\n\t\t\tenero 7, 2022\t\t<\/span>\r\n\t\t\t\t<\/div>\r\n\t\t\t\t\t<\/div>\r\n\t\t<\/article>\r\n\t\t\t\t<article class=\"elementor-post elementor-grid-item post-2033 post type-post status-publish format-standard hentry category-limpieza-en-madrid tag-empresas-de-limpieza-de-comunidades-en-madrid\">\r\n\t\t\t<div class=\"elementor-post__card\">\r\n\t\t\t\t<div class=\"elementor-post__text\">\r\n\t\t\t\t<h3 class=\"elementor-post__title\">\r\n\t\t\t<a href=\"http:\/\/ayudoserviciosauxiliares.com\/index.php\/2022\/01\/05\/empresas-de-limpieza-de-comunidades-en-madrid\/\" >\r\n\t\t\t\tEmpresas de limpieza de comunidades en Madrid\t\t\t<\/a>\r\n\t\t<\/h3>\r\n\t\t\t\t<div class=\"elementor-post__excerpt\">\r\n\t\t\t<p>\u00bfEst\u00e1s buscando empresas de limpieza de comunidades en Madrid, pero no sabes qu\u00e9 servicios deben ofrecer o cu\u00e1les son las m\u00e1s completas y competitivas? Ponte<\/p>\n\t\t<\/div>\r\n\t\t\t\t\t<a class=\"elementor-post__read-more\" href=\"http:\/\/ayudoserviciosauxiliares.com\/index.php\/2022\/01\/05\/empresas-de-limpieza-de-comunidades-en-madrid\/\" >\r\n\t\t\t\tLeer m\u00e1s \u00bb\t\t\t<\/a>\r\n\t\t\t\t<\/div>\r\n\t\t\t\t<div class=\"elementor-post__meta-data\">\r\n\t\t\t\t\t<span class=\"elementor-post-date\">\r\n\t\t\tenero 5, 2022\t\t<\/span>\r\n\t\t\t\t<\/div>\r\n\t\t\t\t\t<\/div>\r\n\t\t<\/article>\r\n\t\t\t\t<\/div>\r\n\t\t\t\t<\/div>\n\t\t\t\t<\/div>\n\t\t\t\t\t<\/div>\n\t\t<\/div>\n\t\t\t\t\t\t\t<\/div>\n\t\t<\/section>\n\t\t\t\t\t\t<\/div>\n\t\t\t\t\t<\/div>\n\t\t","protected":false},"excerpt":{"rendered":"<p>Blog<\/p>\n","protected":false},"author":1,"featured_media":0,"parent":0,"menu_order":0,"comment_status":"closed","ping_status":"closed","template":"","meta":{"site-sidebar-layout":"no-sidebar","site-content-layout":"page-builder","ast-main-header-display":"","ast-hfb-above-header-display":"","ast-hfb-below-header-display":"","ast-hfb-mobile-header-display":"","site-post-title":"disabled","ast-breadcrumbs-content":"","ast-featured-img":"disabled","footer-sml-layout":"","theme-transparent-header-meta":"","adv-header-id-meta":"","stick-header-meta":"","header-above-stick-meta":"","header-main-stick-meta":"","header-below-stick-meta":""},"_links":{"self":[{"href":"http:\/\/ayudoserviciosauxiliares.com\/index.php\/wp-json\/wp\/v2\/pages\/1900"}],"collection":[{"href":"http:\/\/ayudoserviciosauxiliares.com\/index.php\/wp-json\/wp\/v2\/pages"}],"about":[{"href":"http:\/\/ayudoserviciosauxiliares.com\/index.php\/wp-json\/wp\/v2\/types\/page"}],"author":[{"embeddable":true,"href":"http:\/\/ayudoserviciosauxiliares.com\/index.php\/wp-json\/wp\/v2\/users\/1"}],"replies":[{"embeddable":true,"href":"http:\/\/ayudoserviciosauxiliares.com\/index.php\/wp-json\/wp\/v2\/comments?post=1900"}],"version-history":[{"count":10,"href":"http:\/\/ayudoserviciosauxiliares.com\/index.php\/wp-json\/wp\/v2\/pages\/1900\/revisions"}],"predecessor-version":[{"id":2576,"href":"http:\/\/ayudoserviciosauxiliares.com\/index.php\/wp-json\/wp\/v2\/pages\/1900\/revisions\/2576"}],"wp:attachment":[{"href":"http:\/\/ayudoserviciosauxiliares.com\/index.php\/wp-json\/wp\/v2\/media?parent=1900"}],"curies":[{"name":"wp","href":"https:\/\/api.w.org\/{rel}","templated":true}]}}