{"id":1636,"date":"2021-11-30T09:06:01","date_gmt":"2021-11-30T09:06:01","guid":{"rendered":"http:\/\/ayudoserviciosauxiliares.com\/?page_id=1636"},"modified":"2022-02-10T16:48:02","modified_gmt":"2022-02-10T16:48:02","slug":"servicios-auxiliares-y-externalicacion-de-servicios","status":"publish","type":"page","link":"http:\/\/ayudoserviciosauxiliares.com\/index.php\/servicios-auxiliares-y-externalicacion-de-servicios\/","title":{"rendered":"Servicios auxiliares y externalicaci\u00f3n de servicios"},"content":{"rendered":"\t\t<div data-elementor-type=\"wp-post\" data-elementor-id=\"1636\" class=\"elementor elementor-1636\" data-elementor-settings=\"[]\">\n\t\t\t\t\t\t\t<div class=\"elementor-section-wrap\">\n\t\t\t\t\t\t\t<section class=\"elementor-section elementor-top-section elementor-element elementor-element-0a29f4c elementor-section-boxed elementor-section-height-default elementor-section-height-default\" data-id=\"0a29f4c\" data-element_type=\"section\" data-settings=\"{&quot;background_background&quot;:&quot;classic&quot;}\">\n\t\t\t\t\t\t<div class=\"elementor-container elementor-column-gap-default\">\n\t\t\t\t\t<div class=\"elementor-column elementor-col-100 elementor-top-column elementor-element elementor-element-0b345bc\" data-id=\"0b345bc\" data-element_type=\"column\">\n\t\t\t<div class=\"elementor-widget-wrap elementor-element-populated\">\n\t\t\t\t\t\t\t\t<div class=\"elementor-element elementor-element-9f33db3 elementor-widget elementor-widget-heading\" data-id=\"9f33db3\" data-element_type=\"widget\" data-widget_type=\"heading.default\">\n\t\t\t\t<div class=\"elementor-widget-container\">\n\t\t\t<h1 class=\"elementor-heading-title elementor-size-default\">SERVICIOS AUXILIARES y EXTERNALIZACI\u00d3N DE SERVICIOS\n<\/h1>\t\t<\/div>\n\t\t\t\t<\/div>\n\t\t\t\t\t<\/div>\n\t\t<\/div>\n\t\t\t\t\t\t\t<\/div>\n\t\t<\/section>\n\t\t\t\t<section class=\"elementor-section elementor-top-section elementor-element elementor-element-5181c50 elementor-section-boxed elementor-section-height-default elementor-section-height-default\" data-id=\"5181c50\" data-element_type=\"section\">\n\t\t\t\t\t\t<div class=\"elementor-container elementor-column-gap-default\">\n\t\t\t\t\t<div class=\"elementor-column elementor-col-100 elementor-top-column elementor-element elementor-element-fb80bc4\" data-id=\"fb80bc4\" data-element_type=\"column\">\n\t\t\t<div class=\"elementor-widget-wrap elementor-element-populated\">\n\t\t\t\t\t\t\t\t<div class=\"elementor-element elementor-element-0cb8db4 elementor-widget elementor-widget-text-editor\" data-id=\"0cb8db4\" data-element_type=\"widget\" data-widget_type=\"text-editor.default\">\n\t\t\t\t<div class=\"elementor-widget-container\">\n\t\t\t\t\t\t\t<section class=\"elementor-element elementor-element-d83e0cc elementor-section-boxed elementor-section-height-default elementor-section-height-default elementor-section elementor-top-section\" data-id=\"d83e0cc\" data-element_type=\"section\"><div class=\"elementor-container elementor-column-gap-default\"><div class=\"elementor-row\"><div class=\"elementor-element elementor-element-da98115 elementor-column elementor-col-100 elementor-top-column\" data-id=\"da98115\" data-element_type=\"column\"><div class=\"elementor-column-wrap elementor-element-populated\"><div class=\"elementor-widget-wrap\"><div class=\"elementor-element elementor-element-69fceaf elementor-widget elementor-widget-text-editor\" data-id=\"69fceaf\" data-element_type=\"widget\" data-widget_type=\"text-editor.default\"><div class=\"elementor-widget-container\"><div class=\"elementor-text-editor elementor-clearfix\"><p>Somos una empresa con una extensa infraestructura donde nos comprometemos y garantizamos que todo nuestro personal y material de trabajo cumplan con las pautas y los servicios de calidad y mantenimiento. Tenemos la capacidad de adaptarnos a las necesidades particulares de cada espacio para el mantenimiento preventivo o correctivo de sus instalaciones. Mediante la externalizaci\u00f3n de los servicios, podemos llegar a todo lo que el cliente nos demanda.<\/p><\/div><\/div><\/div><\/div><\/div><\/div><\/div><\/div><\/section>\t\t\t\t\t\t<\/div>\n\t\t\t\t<\/div>\n\t\t\t\t\t<\/div>\n\t\t<\/div>\n\t\t\t\t\t\t\t<\/div>\n\t\t<\/section>\n\t\t\t\t<section class=\"elementor-section elementor-top-section elementor-element elementor-element-4f6c310 elementor-section-boxed elementor-section-height-default elementor-section-height-default\" data-id=\"4f6c310\" data-element_type=\"section\">\n\t\t\t\t\t\t<div class=\"elementor-container elementor-column-gap-wide\">\n\t\t\t\t\t<div class=\"elementor-column elementor-col-50 elementor-top-column elementor-element elementor-element-44cb639\" data-id=\"44cb639\" data-element_type=\"column\">\n\t\t\t<div class=\"elementor-widget-wrap elementor-element-populated\">\n\t\t\t\t\t\t\t\t<div class=\"elementor-element elementor-element-5c4376a elementor-widget elementor-widget-heading\" data-id=\"5c4376a\" data-element_type=\"widget\" data-widget_type=\"heading.default\">\n\t\t\t\t<div class=\"elementor-widget-container\">\n\t\t\t<h2 class=\"elementor-heading-title elementor-size-default\">Mantenimiento y reparaciones :\n\n\n<\/h2>\t\t<\/div>\n\t\t\t\t<\/div>\n\t\t\t\t<div class=\"elementor-element elementor-element-584557c elementor-widget-divider--view-line elementor-widget elementor-widget-divider\" data-id=\"584557c\" data-element_type=\"widget\" data-widget_type=\"divider.default\">\n\t\t\t\t<div class=\"elementor-widget-container\">\n\t\t\t\t\t<div class=\"elementor-divider\">\n\t\t\t<span class=\"elementor-divider-separator\">\n\t\t\t\t\t\t<\/span>\n\t\t<\/div>\n\t\t\t\t<\/div>\n\t\t\t\t<\/div>\n\t\t\t\t<div class=\"elementor-element elementor-element-e7991df elementor-widget elementor-widget-text-editor\" data-id=\"e7991df\" data-element_type=\"widget\" data-widget_type=\"text-editor.default\">\n\t\t\t\t<div class=\"elementor-widget-container\">\n\t\t\t\t\t\t\t<p><strong>JARDINERIA<\/strong><\/p><ul><li>Mantenimiento de zonas verdes p\u00fablicas o privadas<\/li><li>Servicios de podas y replantaciones\u00a0<\/li><li>Mantenimiento del sistema de riego<\/li><li>Servicio de control de vegetaci\u00f3n\u00a0<\/li><\/ul><p><strong>ELECTRICIDAD\u00a0<\/strong><\/p><ul><li>Cambio de bombillas<\/li><li>Cambio de fluorescentes, cebadores, luminarias, balastros, etc.<\/li><li>Mantenimiento o cambio de diferenciales, enchufes, pulsadores, etc.<\/li><\/ul><p><strong>FONTANERIA<\/strong><\/p><ul><li>Cambio de descargadores de cisterna<\/li><li>Fuga de agua<\/li><li>Cambio de latiguillos, etc.<\/li><\/ul><p><strong>MANTENIMIENTO DE PISCINAS\u00a0<\/strong><\/p>\t\t\t\t\t\t<\/div>\n\t\t\t\t<\/div>\n\t\t\t\t<div class=\"elementor-element elementor-element-31fb511 elementor-widget elementor-widget-button\" data-id=\"31fb511\" data-element_type=\"widget\" data-widget_type=\"button.default\">\n\t\t\t\t<div class=\"elementor-widget-container\">\n\t\t\t\t\t<div class=\"elementor-button-wrapper\">\n\t\t\t<a href=\"\/index.php\/contacto\/\" class=\"elementor-button-link elementor-button elementor-size-sm\" role=\"button\">\n\t\t\t\t\t\t<span class=\"elementor-button-content-wrapper\">\n\t\t\t\t\t\t<span class=\"elementor-button-text\">PIDE PRESUPUESTO SIN COMPROMISO<\/span>\n\t\t<\/span>\n\t\t\t\t\t<\/a>\n\t\t<\/div>\n\t\t\t\t<\/div>\n\t\t\t\t<\/div>\n\t\t\t\t\t<\/div>\n\t\t<\/div>\n\t\t\t\t<div class=\"elementor-column elementor-col-50 elementor-top-column elementor-element elementor-element-4ecf1b3\" data-id=\"4ecf1b3\" data-element_type=\"column\">\n\t\t\t<div class=\"elementor-widget-wrap elementor-element-populated\">\n\t\t\t\t\t\t\t\t<div class=\"elementor-element elementor-element-33dce69 elementor-widget elementor-widget-image\" data-id=\"33dce69\" data-element_type=\"widget\" data-widget_type=\"image.default\">\n\t\t\t\t<div class=\"elementor-widget-container\">\n\t\t\t\t\t\t\t\t\t\t\t\t\t\t\t<img width=\"668\" height=\"1002\" src=\"http:\/\/ayudoserviciosauxiliares.com\/wp-content\/uploads\/2021\/11\/jardineria_ayudo.jpeg\" class=\"attachment-large size-large\" alt=\"\" loading=\"lazy\" srcset=\"http:\/\/ayudoserviciosauxiliares.com\/wp-content\/uploads\/2021\/11\/jardineria_ayudo.jpeg 668w, http:\/\/ayudoserviciosauxiliares.com\/wp-content\/uploads\/2021\/11\/jardineria_ayudo-200x300.jpeg 200w\" sizes=\"(max-width: 668px) 100vw, 668px\" \/>\t\t\t\t\t\t\t\t\t\t\t\t\t\t\t<\/div>\n\t\t\t\t<\/div>\n\t\t\t\t\t<\/div>\n\t\t<\/div>\n\t\t\t\t\t\t\t<\/div>\n\t\t<\/section>\n\t\t\t\t<section class=\"elementor-section elementor-top-section elementor-element elementor-element-0f7152c elementor-section-stretched elementor-section-boxed elementor-section-height-default elementor-section-height-default\" data-id=\"0f7152c\" data-element_type=\"section\" data-settings=\"{&quot;stretch_section&quot;:&quot;section-stretched&quot;,&quot;background_background&quot;:&quot;classic&quot;}\">\n\t\t\t\t\t\t<div class=\"elementor-container elementor-column-gap-wide\">\n\t\t\t\t\t<div class=\"elementor-column elementor-col-50 elementor-top-column elementor-element elementor-element-76bd297\" data-id=\"76bd297\" data-element_type=\"column\">\n\t\t\t<div class=\"elementor-widget-wrap elementor-element-populated\">\n\t\t\t\t\t\t\t\t<div class=\"elementor-element elementor-element-4df1123 elementor-widget elementor-widget-image\" data-id=\"4df1123\" data-element_type=\"widget\" data-widget_type=\"image.default\">\n\t\t\t\t<div class=\"elementor-widget-container\">\n\t\t\t\t\t\t\t\t\t\t\t\t\t\t\t<img width=\"1024\" height=\"680\" src=\"http:\/\/ayudoserviciosauxiliares.com\/wp-content\/uploads\/2021\/11\/guia_ayudo-1024x680.jpg\" class=\"attachment-large size-large\" alt=\"\" loading=\"lazy\" srcset=\"http:\/\/ayudoserviciosauxiliares.com\/wp-content\/uploads\/2021\/11\/guia_ayudo-1024x680.jpg 1024w, http:\/\/ayudoserviciosauxiliares.com\/wp-content\/uploads\/2021\/11\/guia_ayudo-300x199.jpg 300w, http:\/\/ayudoserviciosauxiliares.com\/wp-content\/uploads\/2021\/11\/guia_ayudo-768x510.jpg 768w, http:\/\/ayudoserviciosauxiliares.com\/wp-content\/uploads\/2021\/11\/guia_ayudo.jpg 1280w\" sizes=\"(max-width: 1024px) 100vw, 1024px\" \/>\t\t\t\t\t\t\t\t\t\t\t\t\t\t\t<\/div>\n\t\t\t\t<\/div>\n\t\t\t\t\t<\/div>\n\t\t<\/div>\n\t\t\t\t<div class=\"elementor-column elementor-col-50 elementor-top-column elementor-element elementor-element-81ec692\" data-id=\"81ec692\" data-element_type=\"column\">\n\t\t\t<div class=\"elementor-widget-wrap elementor-element-populated\">\n\t\t\t\t\t\t\t\t<div class=\"elementor-element elementor-element-e98346c elementor-widget elementor-widget-heading\" data-id=\"e98346c\" data-element_type=\"widget\" data-widget_type=\"heading.default\">\n\t\t\t\t<div class=\"elementor-widget-container\">\n\t\t\t<h2 class=\"elementor-heading-title elementor-size-default\">PERSONAL ADMINISTRATIVO\n\n<\/h2>\t\t<\/div>\n\t\t\t\t<\/div>\n\t\t\t\t<div class=\"elementor-element elementor-element-7ca8743 elementor-widget-divider--view-line elementor-widget elementor-widget-divider\" data-id=\"7ca8743\" data-element_type=\"widget\" data-widget_type=\"divider.default\">\n\t\t\t\t<div class=\"elementor-widget-container\">\n\t\t\t\t\t<div class=\"elementor-divider\">\n\t\t\t<span class=\"elementor-divider-separator\">\n\t\t\t\t\t\t<\/span>\n\t\t<\/div>\n\t\t\t\t<\/div>\n\t\t\t\t<\/div>\n\t\t\t\t<div class=\"elementor-element elementor-element-ee44330 elementor-widget elementor-widget-text-editor\" data-id=\"ee44330\" data-element_type=\"widget\" data-widget_type=\"text-editor.default\">\n\t\t\t\t<div class=\"elementor-widget-container\">\n\t\t\t\t\t\t\t<ul><li>Recepcionistas\/ telefonistas\u00a0<\/li><li>Gu\u00eda de museos y exposiciones<\/li><li>Gesti\u00f3n de visitas e informaci\u00f3n tur\u00edstica<\/li><li>Peon: manipuladores, empaquetadores y traslado de mercanc\u00eda, control de archivos encargados de almac\u00e9n, montaje y desmontaje de mobiliario, etc.<\/li><\/ul>\t\t\t\t\t\t<\/div>\n\t\t\t\t<\/div>\n\t\t\t\t<div class=\"elementor-element elementor-element-222be44 elementor-widget elementor-widget-button\" data-id=\"222be44\" data-element_type=\"widget\" data-widget_type=\"button.default\">\n\t\t\t\t<div class=\"elementor-widget-container\">\n\t\t\t\t\t<div class=\"elementor-button-wrapper\">\n\t\t\t<a href=\"\/index.php\/contacto\/\" class=\"elementor-button-link elementor-button elementor-size-sm\" role=\"button\">\n\t\t\t\t\t\t<span class=\"elementor-button-content-wrapper\">\n\t\t\t\t\t\t<span class=\"elementor-button-text\">PIDE PRESUPUESTO SIN COMPROMISO<\/span>\n\t\t<\/span>\n\t\t\t\t\t<\/a>\n\t\t<\/div>\n\t\t\t\t<\/div>\n\t\t\t\t<\/div>\n\t\t\t\t\t<\/div>\n\t\t<\/div>\n\t\t\t\t\t\t\t<\/div>\n\t\t<\/section>\n\t\t\t\t<section class=\"elementor-section elementor-top-section elementor-element elementor-element-7e2637a elementor-section-boxed elementor-section-height-default elementor-section-height-default\" data-id=\"7e2637a\" data-element_type=\"section\">\n\t\t\t\t\t\t<div class=\"elementor-container elementor-column-gap-wide\">\n\t\t\t\t\t<div class=\"elementor-column elementor-col-50 elementor-top-column elementor-element elementor-element-7fb7dc8\" data-id=\"7fb7dc8\" data-element_type=\"column\">\n\t\t\t<div class=\"elementor-widget-wrap elementor-element-populated\">\n\t\t\t\t\t\t\t\t<div class=\"elementor-element elementor-element-0a57901 elementor-widget elementor-widget-heading\" data-id=\"0a57901\" data-element_type=\"widget\" data-widget_type=\"heading.default\">\n\t\t\t\t<div class=\"elementor-widget-container\">\n\t\t\t<h2 class=\"elementor-heading-title elementor-size-default\">PERSONAL DE APOYO\n<\/h2>\t\t<\/div>\n\t\t\t\t<\/div>\n\t\t\t\t<div class=\"elementor-element elementor-element-f0dcb52 elementor-widget-divider--view-line elementor-widget elementor-widget-divider\" data-id=\"f0dcb52\" data-element_type=\"widget\" data-widget_type=\"divider.default\">\n\t\t\t\t<div class=\"elementor-widget-container\">\n\t\t\t\t\t<div class=\"elementor-divider\">\n\t\t\t<span class=\"elementor-divider-separator\">\n\t\t\t\t\t\t<\/span>\n\t\t<\/div>\n\t\t\t\t<\/div>\n\t\t\t\t<\/div>\n\t\t\t\t<div class=\"elementor-element elementor-element-b78cb98 elementor-widget elementor-widget-text-editor\" data-id=\"b78cb98\" data-element_type=\"widget\" data-widget_type=\"text-editor.default\">\n\t\t\t\t<div class=\"elementor-widget-container\">\n\t\t\t\t\t\t\t<ul><li>Conserjes\u00a0<\/li><li>Control de accesos\u00a0<\/li><li>Carretilleros<\/li><li>Auxiliares de comercios y gesti\u00f3n de puntos de venta<\/li><li>Gu\u00edas de museos y exposiciones<\/li><li>Auxiliar de aparcamientos<\/li><li>Gesti\u00f3n de salas y espacios p\u00fablicos\u00a0<\/li><li>Auxiliares para eventos e informaci\u00f3n tur\u00edstica<\/li><li>Personal de log\u00edstica<\/li><\/ul>\t\t\t\t\t\t<\/div>\n\t\t\t\t<\/div>\n\t\t\t\t\t<\/div>\n\t\t<\/div>\n\t\t\t\t<div class=\"elementor-column elementor-col-50 elementor-top-column elementor-element elementor-element-a00b95f\" data-id=\"a00b95f\" data-element_type=\"column\">\n\t\t\t<div class=\"elementor-widget-wrap elementor-element-populated\">\n\t\t\t\t\t\t\t\t<div class=\"elementor-element elementor-element-09452e8 elementor-widget elementor-widget-image\" data-id=\"09452e8\" data-element_type=\"widget\" data-widget_type=\"image.default\">\n\t\t\t\t<div class=\"elementor-widget-container\">\n\t\t\t\t\t\t\t\t\t\t\t\t\t\t\t<img width=\"469\" height=\"802\" src=\"http:\/\/ayudoserviciosauxiliares.com\/wp-content\/uploads\/2021\/11\/toma_de_basuras_ayudo.jpg\" class=\"attachment-large size-large\" alt=\"\" loading=\"lazy\" srcset=\"http:\/\/ayudoserviciosauxiliares.com\/wp-content\/uploads\/2021\/11\/toma_de_basuras_ayudo.jpg 469w, http:\/\/ayudoserviciosauxiliares.com\/wp-content\/uploads\/2021\/11\/toma_de_basuras_ayudo-175x300.jpg 175w\" sizes=\"(max-width: 469px) 100vw, 469px\" \/>\t\t\t\t\t\t\t\t\t\t\t\t\t\t\t<\/div>\n\t\t\t\t<\/div>\n\t\t\t\t\t<\/div>\n\t\t<\/div>\n\t\t\t\t\t\t\t<\/div>\n\t\t<\/section>\n\t\t\t\t<section class=\"elementor-section elementor-top-section elementor-element elementor-element-e700f17 elementor-section-stretched elementor-section-boxed elementor-section-height-default elementor-section-height-default\" data-id=\"e700f17\" data-element_type=\"section\" data-settings=\"{&quot;stretch_section&quot;:&quot;section-stretched&quot;,&quot;background_background&quot;:&quot;classic&quot;}\">\n\t\t\t\t\t\t<div class=\"elementor-container elementor-column-gap-wide\">\n\t\t\t\t\t<div class=\"elementor-column elementor-col-50 elementor-top-column elementor-element elementor-element-958d29c\" data-id=\"958d29c\" data-element_type=\"column\">\n\t\t\t<div class=\"elementor-widget-wrap elementor-element-populated\">\n\t\t\t\t\t\t\t\t<div class=\"elementor-element elementor-element-517b2e4 elementor-widget elementor-widget-image\" data-id=\"517b2e4\" data-element_type=\"widget\" data-widget_type=\"image.default\">\n\t\t\t\t<div class=\"elementor-widget-container\">\n\t\t\t\t\t\t\t\t\t\t\t\t\t\t\t<img width=\"796\" height=\"853\" src=\"http:\/\/ayudoserviciosauxiliares.com\/wp-content\/uploads\/2021\/11\/enfermera_ayudo.jpg\" class=\"attachment-large size-large\" alt=\"\" loading=\"lazy\" srcset=\"http:\/\/ayudoserviciosauxiliares.com\/wp-content\/uploads\/2021\/11\/enfermera_ayudo.jpg 796w, http:\/\/ayudoserviciosauxiliares.com\/wp-content\/uploads\/2021\/11\/enfermera_ayudo-280x300.jpg 280w, http:\/\/ayudoserviciosauxiliares.com\/wp-content\/uploads\/2021\/11\/enfermera_ayudo-768x823.jpg 768w\" sizes=\"(max-width: 796px) 100vw, 796px\" \/>\t\t\t\t\t\t\t\t\t\t\t\t\t\t\t<\/div>\n\t\t\t\t<\/div>\n\t\t\t\t\t<\/div>\n\t\t<\/div>\n\t\t\t\t<div class=\"elementor-column elementor-col-50 elementor-top-column elementor-element elementor-element-8494988\" data-id=\"8494988\" data-element_type=\"column\">\n\t\t\t<div class=\"elementor-widget-wrap elementor-element-populated\">\n\t\t\t\t\t\t\t\t<div class=\"elementor-element elementor-element-16c1798 elementor-widget elementor-widget-heading\" data-id=\"16c1798\" data-element_type=\"widget\" data-widget_type=\"heading.default\">\n\t\t\t\t<div class=\"elementor-widget-container\">\n\t\t\t<h2 class=\"elementor-heading-title elementor-size-default\">ASISTENCIA DOMICILIARIA Y\/O PREVENTIVO\n\n<\/h2>\t\t<\/div>\n\t\t\t\t<\/div>\n\t\t\t\t<div class=\"elementor-element elementor-element-933d5f6 elementor-widget-divider--view-line elementor-widget elementor-widget-divider\" data-id=\"933d5f6\" data-element_type=\"widget\" data-widget_type=\"divider.default\">\n\t\t\t\t<div class=\"elementor-widget-container\">\n\t\t\t\t\t<div class=\"elementor-divider\">\n\t\t\t<span class=\"elementor-divider-separator\">\n\t\t\t\t\t\t<\/span>\n\t\t<\/div>\n\t\t\t\t<\/div>\n\t\t\t\t<\/div>\n\t\t\t\t<div class=\"elementor-element elementor-element-5b43159 elementor-widget elementor-widget-text-editor\" data-id=\"5b43159\" data-element_type=\"widget\" data-widget_type=\"text-editor.default\">\n\t\t\t\t<div class=\"elementor-widget-container\">\n\t\t\t\t\t\t\t<ul><li>Recepci\u00f3n y traslado de cliente<\/li><li>Planificaci\u00f3n, reconocimiento y asesoramiento diario de la actividad del cliente\u00a0<\/li><li>Asistencia a personas dependientes<\/li><li>Osteopat\u00eda: Tratamiento de las enfermedades musculares y articulares por medio de masajes y terapias naturales.<\/li><\/ul>\t\t\t\t\t\t<\/div>\n\t\t\t\t<\/div>\n\t\t\t\t<div class=\"elementor-element elementor-element-13e700b elementor-widget elementor-widget-button\" data-id=\"13e700b\" data-element_type=\"widget\" data-widget_type=\"button.default\">\n\t\t\t\t<div class=\"elementor-widget-container\">\n\t\t\t\t\t<div class=\"elementor-button-wrapper\">\n\t\t\t<a href=\"\/index.php\/contacto\/\" class=\"elementor-button-link elementor-button elementor-size-sm\" role=\"button\">\n\t\t\t\t\t\t<span class=\"elementor-button-content-wrapper\">\n\t\t\t\t\t\t<span class=\"elementor-button-text\">PIDE PRESUPUESTO SIN COMPROMISO<\/span>\n\t\t<\/span>\n\t\t\t\t\t<\/a>\n\t\t<\/div>\n\t\t\t\t<\/div>\n\t\t\t\t<\/div>\n\t\t\t\t\t<\/div>\n\t\t<\/div>\n\t\t\t\t\t\t\t<\/div>\n\t\t<\/section>\n\t\t\t\t<section class=\"elementor-section elementor-top-section elementor-element elementor-element-4c85867 elementor-section-boxed elementor-section-height-default elementor-section-height-default\" data-id=\"4c85867\" data-element_type=\"section\" data-settings=\"{&quot;background_background&quot;:&quot;classic&quot;}\">\n\t\t\t\t\t\t<div class=\"elementor-container elementor-column-gap-default\">\n\t\t\t\t\t<div class=\"elementor-column elementor-col-100 elementor-top-column elementor-element elementor-element-b6bb6fa\" data-id=\"b6bb6fa\" data-element_type=\"column\">\n\t\t\t<div class=\"elementor-widget-wrap elementor-element-populated\">\n\t\t\t\t\t\t\t\t<div class=\"elementor-element elementor-element-c8c7579 elementor-position-top elementor-vertical-align-top elementor-invisible elementor-widget elementor-widget-image-box\" data-id=\"c8c7579\" data-element_type=\"widget\" data-settings=\"{&quot;_animation&quot;:&quot;fadeInLeft&quot;}\" data-widget_type=\"image-box.default\">\n\t\t\t\t<div class=\"elementor-widget-container\">\n\t\t\t<div class=\"elementor-image-box-wrapper\"><div class=\"elementor-image-box-content\"><h2 class=\"elementor-image-box-title\">Ll\u00e1manos y realizaremos un presupuesto personalizado en base a sus necesidades existentes<\/h2><p class=\"elementor-image-box-description\">En AYUDO Servicios Auxiliares, nos encargamos de programar todos los servicios y tareas de limpieza para evitar interferir en lo posible a nuestros clientes, \n\nLl\u00e1manos y realizaremos un presupuesto personalizado en base a sus necesidades existentes<\/p><\/div><\/div>\t\t<\/div>\n\t\t\t\t<\/div>\n\t\t\t\t<div class=\"elementor-element elementor-element-3da97ce elementor-align-center elementor-tablet-align-center elementor-mobile-align-center elementor-widget elementor-widget-button\" data-id=\"3da97ce\" data-element_type=\"widget\" data-widget_type=\"button.default\">\n\t\t\t\t<div class=\"elementor-widget-container\">\n\t\t\t\t\t<div class=\"elementor-button-wrapper\">\n\t\t\t<a href=\"\/index.php\/contacto\/\" class=\"elementor-button-link elementor-button elementor-size-sm elementor-animation-float\" role=\"button\">\n\t\t\t\t\t\t<span class=\"elementor-button-content-wrapper\">\n\t\t\t\t\t\t<span class=\"elementor-button-text\">PIDE PRESUPUESTO SIN COMPROMISO<\/span>\n\t\t<\/span>\n\t\t\t\t\t<\/a>\n\t\t<\/div>\n\t\t\t\t<\/div>\n\t\t\t\t<\/div>\n\t\t\t\t\t<\/div>\n\t\t<\/div>\n\t\t\t\t\t\t\t<\/div>\n\t\t<\/section>\n\t\t\t\t\t\t<\/div>\n\t\t\t\t\t<\/div>\n\t\t","protected":false},"excerpt":{"rendered":"<p>SERVICIOS AUXILIARES y EXTERNALIZACI\u00d3N DE SERVICIOS Somos una empresa con una extensa infraestructura donde nos comprometemos y garantizamos que todo nuestro personal y material de trabajo cumplan con las pautas y los servicios de calidad y mantenimiento. Tenemos la capacidad de adaptarnos a las necesidades particulares de cada espacio para el mantenimiento preventivo o correctivo &hellip;<\/p>\n<p class=\"read-more\"> <a class=\"\" href=\"http:\/\/ayudoserviciosauxiliares.com\/index.php\/servicios-auxiliares-y-externalicacion-de-servicios\/\"> <span class=\"screen-reader-text\">Servicios auxiliares y externalicaci\u00f3n de servicios<\/span> Leer m\u00e1s &raquo;<\/a><\/p>\n","protected":false},"author":1,"featured_media":0,"parent":0,"menu_order":0,"comment_status":"closed","ping_status":"closed","template":"","meta":{"site-sidebar-layout":"no-sidebar","site-content-layout":"page-builder","ast-main-header-display":"","ast-hfb-above-header-display":"","ast-hfb-below-header-display":"","ast-hfb-mobile-header-display":"","site-post-title":"disabled","ast-breadcrumbs-content":"","ast-featured-img":"disabled","footer-sml-layout":"","theme-transparent-header-meta":"","adv-header-id-meta":null,"stick-header-meta":null,"header-above-stick-meta":null,"header-main-stick-meta":null,"header-below-stick-meta":null},"_links":{"self":[{"href":"http:\/\/ayudoserviciosauxiliares.com\/index.php\/wp-json\/wp\/v2\/pages\/1636"}],"collection":[{"href":"http:\/\/ayudoserviciosauxiliares.com\/index.php\/wp-json\/wp\/v2\/pages"}],"about":[{"href":"http:\/\/ayudoserviciosauxiliares.com\/index.php\/wp-json\/wp\/v2\/types\/page"}],"author":[{"embeddable":true,"href":"http:\/\/ayudoserviciosauxiliares.com\/index.php\/wp-json\/wp\/v2\/users\/1"}],"replies":[{"embeddable":true,"href":"http:\/\/ayudoserviciosauxiliares.com\/index.php\/wp-json\/wp\/v2\/comments?post=1636"}],"version-history":[{"count":44,"href":"http:\/\/ayudoserviciosauxiliares.com\/index.php\/wp-json\/wp\/v2\/pages\/1636\/revisions"}],"predecessor-version":[{"id":2691,"href":"http:\/\/ayudoserviciosauxiliares.com\/index.php\/wp-json\/wp\/v2\/pages\/1636\/revisions\/2691"}],"wp:attachment":[{"href":"http:\/\/ayudoserviciosauxiliares.com\/index.php\/wp-json\/wp\/v2\/media?parent=1636"}],"curies":[{"name":"wp","href":"https:\/\/api.w.org\/{rel}","templated":true}]}}